{"id":716,"date":"2020-01-20T19:07:37","date_gmt":"2020-01-20T19:07:37","guid":{"rendered":"https:\/\/toelzer-immobilienboerse.de\/?page_id=716"},"modified":"2022-07-23T06:40:36","modified_gmt":"2022-07-23T06:40:36","slug":"agb","status":"publish","type":"page","link":"https:\/\/toelzer-immobilienboerse.de\/?page_id=716","title":{"rendered":"AGB"},"content":{"rendered":"<div class=\"fusion-fullwidth fullwidth-box fusion-builder-row-1 nonhundred-percent-fullwidth non-hundred-percent-height-scrolling\" style=\"--awb-background-position:left top;--awb-border-sizes-top:0px;--awb-border-sizes-bottom:0px;--awb-border-sizes-left:0px;--awb-border-sizes-right:0px;--awb-border-radius-top-left:0px;--awb-border-radius-top-right:0px;--awb-border-radius-bottom-right:0px;--awb-border-radius-bottom-left:0px;--awb-padding-top:150px;--awb-padding-bottom:150px;--awb-flex-wrap:wrap;\" ><div class=\"fusion-builder-row fusion-row\"><div class=\"fusion-layout-column fusion_builder_column fusion-builder-column-0 fusion_builder_column_1_2 1_2 fusion-one-half fusion-column-first\" style=\"--awb-bg-size:cover;width:48%; margin-right: 4%;\"><div class=\"fusion-column-wrapper fusion-flex-column-wrapper-legacy\"><div class=\"fusion-text fusion-text-1\"><div><span style=\"font-size: 24pt;\">AGB DER IMMOBILIENB\u00d6RSE \u00ae<\/span><\/div>\n<\/div><div class=\"fusion-sep-clear\"><\/div><div class=\"fusion-separator fusion-clearfix\" style=\"float:left;margin-top:0px;margin-bottom:35px;width:100%;max-width:170px;\"><div class=\"fusion-separator-border sep-single sep-solid\" style=\"--awb-height:20px;--awb-amount:20px;--awb-sep-color:#e2e3e8;border-color:#e2e3e8;border-top-width:3px;\"><\/div><\/div><div class=\"fusion-sep-clear\"><\/div><div class=\"fusion-text fusion-text-2\"><\/div><div class=\"fusion-clearfix\"><\/div><\/div><\/div><div class=\"fusion-layout-column fusion_builder_column fusion-builder-column-1 fusion_builder_column_1_2 1_2 fusion-one-half fusion-column-last\" style=\"--awb-bg-size:cover;width:48%;\"><div class=\"fusion-column-wrapper fusion-flex-column-wrapper-legacy\"><div class=\"fusion-image-element in-legacy-container\" style=\"--awb-caption-title-font-family:var(--h2_typography-font-family);--awb-caption-title-font-weight:var(--h2_typography-font-weight);--awb-caption-title-font-style:var(--h2_typography-font-style);--awb-caption-title-size:var(--h2_typography-font-size);--awb-caption-title-transform:var(--h2_typography-text-transform);--awb-caption-title-line-height:var(--h2_typography-line-height);--awb-caption-title-letter-spacing:var(--h2_typography-letter-spacing);\"><span class=\" fusion-imageframe imageframe-none imageframe-1 hover-type-zoomin fusion-animated\" data-animationType=\"fadeInDown\" data-animationDuration=\"1.0\" data-animationOffset=\"top-into-view\"><img decoding=\"async\" src=\"https:\/\/toelzer-immobilienboerse.de\/wp-content\/uploads\/2016\/10\/Recht-300x200.jpg\" alt class=\"img-responsive\"\/><\/span><\/div><div class=\"fusion-sep-clear\"><\/div><div class=\"fusion-separator fusion-full-width-sep\" style=\"margin-left: auto;margin-right: auto;margin-top:40px;width:100%;\"><\/div><div class=\"fusion-sep-clear\"><\/div><div class=\"fusion-clearfix\"><\/div><\/div><\/div><div class=\"fusion-layout-column fusion_builder_column fusion-builder-column-2 fusion_builder_column_1_1 1_1 fusion-one-full fusion-column-first fusion-column-last fusion-column-no-min-height\" style=\"--awb-bg-size:cover;--awb-margin-bottom:0px;\"><div class=\"fusion-column-wrapper fusion-flex-column-wrapper-legacy\"><div class=\"fusion-text fusion-text-3\"><div>1. Durch Erteilung des Auftrages erkl\u00e4rt sich der Auftraggeber mit den nachstehenden Gesch\u00e4ftsbedingungen einverstanden.<\/div>\n<div>_<\/div>\n<div>2. Ein Auftrag bedarf keiner Form, er kommt auch dadurch zustande, dass jemand unsere T\u00e4tigkeit in Anspruch nimmt.<\/div>\n<div>_<\/div>\n<div>3. Die Annahme unserer Maklerdienste oder unserer Angebotsangaben sowie die Auswertung von uns gegebener Nachweisen gen\u00fcgt zum Zustandekommen eines Maklervertrages zu diesen Gesch\u00e4ftsbedingungen.<\/div>\n<div>_<\/div>\n<div>4. Wir erkl\u00e4ren, dass wir die Auftr\u00e4ge mit der Sorgfalt eines ordentlichen Kaufmanns bearbeiten werden und alle Unterlagen soweit mit der Durchf\u00fchrung des Auftrages vereinbar vertraulich behandeln.<\/div>\n<div>_<\/div>\n<div>5. Der Auftraggeber verpflichtet sich, alle unsere Mitteilungen und Unterlagen streng vertraulich zu behandeln. Erlangt ein Dritter durch den Auftraggeber bzw. den Empf\u00e4nger oder mit dessen Billigung Kenntnis von unseren Mitteilungen oder auch nur der Adresse, und gelangt der Dritte dadurch zu einem Gesch\u00e4ftsabschluss oder sonstigem wirtschaftlichen Vorteil, hat der Auftraggeber an uns die vereinbarte Maklergeb\u00fchr zu bezahlen, ohne dass es unsererseits eines Schadensnachweises bedarf. Dies gilt auch dann, wenn der Auftraggeber\/Interessent\/Empf\u00e4nger unser Angebot telefonisch oder per Email bekommen hat.<\/div>\n<div>_<\/div>\n<div>6. Bitte beachten Sie, dass uns unsere Klienten h\u00e4ufig sowohl aus Gr\u00fcnden der Diskretion, als auch der Zeitersparnis beauftragen. Eine Kontaktaufnahme sollte deswegen, auch in Ihrem Interesse, grunds\u00e4tzlich nur \u00fcber uns erfolgen.<\/div>\n<div>_<\/div>\n<div>7. Auf Anfrage teilen wir den jeweiligen Eigent\u00fcmer mit.<\/div>\n<div>_<\/div>\n<div>8. Wir haben Anspruch auf Anwesenheit bei Vertragsabschluss und auf eine sofort zu erteilende Ausfertigung oder Abschrift des Vertrages und aller sich darauf beziehenden Nebenabreden, soweit diese f\u00fcr die Berechnung und F\u00e4lligkeit der Maklergeb\u00fchr von Bedeutung sind. M\u00fcndliche Vereinbarungen dieser Art sind uns sofort bekannt zu geben.<\/div>\n<div>_<\/div>\n<div>9. Provisionsanspruch entsteht:<\/div>\n<div>Mit dem Abschluss eines durch unseren Nachweis und\/oder unsere Vermittlung zustande gekommenen Kauf-, Miet- oder sonstigen Vertrages (dies gilt auch m\u00fcndlich) ist die angegebene Nachweis- bzw. Vermittlungsprovision am Tage des Abschlusses verdient, f\u00e4llig und zahlbar.<\/div>\n<div>Sofern keine Provisionsh\u00f6he individuell vereinbart ist, gelten folgende Provisionss\u00e4tze:<\/div>\n<div>I.) Bei Kaufvertr\u00e4gen f\u00fcr den K\u00e4ufer:<\/div>\n<div>Im Inland 3,57% (inkl. der gesetzlich vorgeschriebenen Mehrwertsteuer von z. Zt. 19%)<\/div>\n<div>(bei Objektwert unter EUR 60.000,\u2013 betr\u00e4gt die Mindestprovision EUR 2.142,- inkl. 19% MwSt.).<\/div>\n<div>Im Ausland 3,57% (bei Objektwert unter EUR 60.000,\u2013 betr\u00e4gt die Mindestprovision EUR 2.340,00).<\/div>\n<div>II.1.) Bei Miet- und Pachtvertr\u00e4gen im privaten Bereich betr\u00e4gt die Makler Courtage f\u00fcr den Auftraggeber (Besteller) 2,38 Nettomieten (inkl. der gesetzlich vorgeschriebenen Mehrwertsteuer von<\/div>\n<div>z. Zt. 19%). Zuz\u00fcglich zur Vermittlungsprovision werden dem Auftraggeber (Besteller) die anfallenden Werbekosten in Rechnung gestellt.<\/div>\n<div>II.2.) Die Mindestprovision (Makler Courtage) bei Miet- und Pachtvertr\u00e4gen im privaten Bereich betr\u00e4gt f\u00fcr den Auftraggeber (Besteller) 600,- Euro zzgl. der gesetzlich vorgeschriebenen Mehrwertsteuer von<\/div>\n<div>z. Zt. 19%). Zuz\u00fcglich zur Vermittlungsprovision werden dem Auftraggeber (Besteller) die anfallenden Werbekosten in Rechnung gestellt.<\/div>\n<div>III.) Bei Miet- und Pachtvertr\u00e4gen im gewerblichen Bereich betr\u00e4gt die Makler Courtage 3,57 Nettomieten (inkl. der gesetzlich vorgeschriebenen Mehrwertsteuer von z. Zt. 19%); Optionen erh\u00f6hen den Provisionsanspruch entsprechend.<\/div>\n<div>IV.) Bei Vertr\u00e4gen von Grundst\u00fccken auf Erbpacht betr\u00e4gt die Makler Courtage: 3,57% (inkl. der gesetzlich vorgeschriebenen Mehrwertsteuer von z. Zt. 19%) auf den Kapitalisierungsanteil zuz\u00fcglich sechs Nettomonatspachten zzgl. der gesetzlich vorgeschriebenen Mehrwertsteuer von z. Zt. 19%).<\/div>\n<div>V.) Im \u00dcbrigen gelten die orts\u00fcblichen Provisionss\u00e4tze.<\/div>\n<div>_<\/div>\n<div>10. Der Provisionsberechnung wird stets der gesamte Wirtschaftswert des Vertrages unter Einschluss aller damit zusammenh\u00e4ngenden Nebenabreden zugrunde gelegt. Mit der Provisionszahlung wird die jeweils g\u00fcltige Mehrwertsteuer in H\u00f6he von derzeit 19% f\u00e4llig (nicht bei Auslandsgesch\u00e4ften).<\/div>\n<div>_<\/div>\n<div>11. Kommt bei Auslandsgesch\u00e4ften ein nicht notarieller Vor- oder Hauptvertrag (Kaufversprechen oder Kaufvertrag) zustande, so ist die Provision bereits am Tage dieses Vertragsabschlusses zahlbar.<\/div>\n<div>Der Provisionsanspruch besteht auch dann, wenn wenigstens ein demselben wirtschaftlichen Zweck dienendes Gesch\u00e4ft zustande kommt und dadurch der gleiche wirtschaftliche Erfolg erzielt wird. Dies gilt vor allem dann, wenn der Erwerb des nachgewiesenen Objektes in der Zwangsversteigerung erfolgt oder wenn, z.B. anstatt mit dem Eigent\u00fcmer, mit dem Mieter ein Vertrag als Untermietvertrag geschlossen wird. Der volle Geb\u00fchrenanspruch entsteht auch bei Mitverursachung der zustande gekommenen Vertr\u00e4ge durch uns.<\/div>\n<div>Dies gilt besonders f\u00fcr den Fall, wenn mit den von uns nachgewiesenen Interessenten binnen einer Frist von drei Jahren nach Abschluss des ersten von uns vermittelten Vertrages weitere Gesch\u00e4fte abgeschlossen werden, die in wirtschaftlichem Zusammenhang mit dem zuerst erteilten Auftrag oder den weiter erteilten Auftr\u00e4gen stehen.<\/div>\n<div>Ein wirtschaftlicher Zusammenhang ist stets gegeben, wenn die durch uns hergestellte Verbindung zu weiteren Vertr\u00e4gen f\u00fchrt, die nach diesen Gesch\u00e4ftsbedingungen uns gegen\u00fcber provisionspflichtig sind.<\/div>\n<div>_<\/div>\n<div>12. Der Anspruch entsteht auch dann, wenn der Gesch\u00e4ftsabschluss statt durch den Auftraggeber selbst, ganz oder teilweise durch dessen Ehegatten oder nahe Verwandte oder Verschw\u00e4gerte oder solche nat\u00fcrlichen oder juristischen Personen erfolgt, die zu ihm in gesellschaftsrechtlichen, vertraglichen oder wirtschaftlichen nahen Verh\u00e4ltnissen stehen.<\/div>\n<div>_<\/div>\n<div>13. Der Anspruch besteht auch dann, wenn die Miturs\u00e4chlichkeit der Maklert\u00e4tigkeit gegeben ist oder wenn der Vertragsabschluss erst nach Ablauf der Maklert\u00e4tigkeit erfolgt. \u00dcbereinstimmung von Angebots- und Abschlussbedingungen ist nicht erforderlich.<\/div>\n<div>_<\/div>\n<div>14. Schadensersatzanspr\u00fcche sind uns gegen\u00fcber, mit Ausnahme grob fahrl\u00e4ssigen Handelns, ausgeschlossen. Da wir uns bei allen Angaben auf die Information Dritter st\u00fctzen m\u00fcssen, k\u00f6nnen wir keine Gew\u00e4hr f\u00fcr deren Richtigkeit und Vollst\u00e4ndigkeit \u00fcbernehmen. Alle Angaben im Expos\u00e9 und\/oder auf unseren Internetportalen, Aushang etc. sind vom Eigent\u00fcmer oder dessen Vertreter und wir haben sie nicht selbst \u00fcberpr\u00fcft. Die Angebote sind freibleibend, da wir keine Gew\u00e4hr f\u00fcr einen eventuellen Zwischenverkauf \u00fcbernehmen k\u00f6nnen. Anderweitige Abmachungen erlangen nur durch schriftliche Best\u00e4tigung des Maklers G\u00fcltigkeit.<\/div>\n<div>_<\/div>\n<div>15. Gerichtsstand: Alleiniger Gerichtsstand ist, wenn der Vertragspartner Kaufmann ist, bei allen aus dem Vertragsverh\u00e4ltnis mittelbar oder unmittelbar sich ergebenden Streitigkeiten Freising. Daneben gilt auch der allgemeine Gerichtsstand.<\/div>\n<div style=\"text-align: right;\">Stand: 23.07.2022<\/div>\n<div style=\"text-align: left;\"><\/div>\n<div><span style=\"font-size: 24pt;\"><strong>Disclaimer &#8211; Rechtlicher Hinweis<\/strong><\/span><\/div>\n<div><\/div>\n<div><strong><span style=\"font-size: 14pt;\">Inhalt der Internetpr\u00e4senz:<\/span><\/strong><\/div>\n<div><\/div>\n<div>Die Immobilienb\u00f6rse \u00fcbernimmt keinerlei Gew\u00e4hr f\u00fcr die Aktualit\u00e4t, Korrektheit, Vollst\u00e4ndigkeit oder Qualit\u00e4t der bereitgestellten Informationen. Haftungsanspr\u00fcche gegen die Immobilienb\u00f6rse, welche sich auf Sch\u00e4den materieller oder ideeller Art beziehen, die durch die Nutzung oder Nichtnutzung der dargebotenen Informationen bzw. durch die Nutzung fehlerhafter und unvollst\u00e4ndiger Informationen verursacht wurden sind grunds\u00e4tzlich ausgeschlossen, sofern von der Immobilienb\u00f6rse kein nachweislich vors\u00e4tzliches oder grob fahrl\u00e4ssiges Verschulden vorliegt. Alle Angebote sind freibleibend und unverbindlich. Die Immobilienb\u00f6rse beh\u00e4lt es sich ausdr\u00fccklich vor, Teile der Seiten oder das gesamte Angebot ohne gesonderte Ank\u00fcndigung zu ver\u00e4ndern, zu erg\u00e4nzen, zu l\u00f6schen oder die Ver\u00f6ffentlichung zeitweise oder endg\u00fcltig einzustellen.<\/div>\n<div>Hinweise zur Problematik von externen Links:<\/div>\n<div>Die Immobilienb\u00f6rse ist als Inhaltsanbieter f\u00fcr die \u201aeigenen Inhalte\u2018, die die Immobilienb\u00f6rse zur Nutzung bereith\u00e4lt, nach den allgemeinen Gesetzen verantwortlich. In dieser Internetpr\u00e4senz existieren Querverweise (\u201aLinks\u2018) auf von anderen Anbietern bereitgehaltene Inhalte. F\u00fcr diese fremden Inhalte ist die Immobilienb\u00f6rse nur dann verantwortlich, wenn die Immobilienb\u00f6rse von ihnen (d.h. auch von einem rechtswidrigen bzw. strafbaren Inhalt) positive Kenntnis hat und es der Immobilienb\u00f6rse technisch m\u00f6glich und zumutbar ist, deren Nutzung zu verhindern. Bei \u201aLinks\u2018 handelt es sich allerdings stets um \u201alebende\u2018 (dynamische) Verweisungen. Die Immobilienb\u00f6rse hat bei der erstmaligen Verkn\u00fcpfung zwar den fremden Inhalt daraufhin \u00fcberpr\u00fcft, ob durch ihn eine m\u00f6gliche zivilrechtliche oder strafrechtliche Verantwortlichkeit ausgel\u00f6st wird. Die Immobilienb\u00f6rse ist aber nicht dazu verpflichtet, die Inhalte, auf die die Immobilienb\u00f6rse innerhalb dieser Seiten verweist, st\u00e4ndig auf Ver\u00e4nderungen zu \u00fcberpr\u00fcfen, die eine Verantwortlichkeit neu begr\u00fcnden k\u00f6nnten. Erst wenn wir feststellen oder von anderen darauf hingewiesen werden, dass ein konkretes Angebot, zu dem wir einen Link bereitgestellt haben, eine zivil- oder strafrechtliche Verantwortlichkeit ausl\u00f6st, werden wir den Verweis auf dieses Angebot aufheben, soweit uns dies technisch m\u00f6glich und zumutbar ist. Die technische M\u00f6glichkeit und Zumutbarkeit wird nicht dadurch beeinflusst, dass auch nach Unterbindung des Zugriffs von unserer Homepage von anderen Servern aus auf das rechtswidrige oder strafbare Angebot zugegriffen werden kann. Mit Urteil vom 12. Mai 1998 hat das Landgericht Hamburg entschieden, dass man durch die Ausbringung eines Links die Inhalte der gelinkten Seite ggf. mit zu verantworten hat. Dies kann \u2013 so das LG \u2013 nur dadurch verhindert werden, dass man sich ausdr\u00fccklich von diesen Inhalten distanziert. Wir die \u2013 Immobilienb\u00f6rse \u2013 haben auf unseren Internetseiten mehrere Links zu anderen Servern und Angeboten gelegt. Wir erkl\u00e4ren f\u00fcr all diese Links, dass wir keinen Einfluss auf die Gestaltung und Inhalte der gelinkten Angebote haben. Wir distanzieren uns hiermit ausdr\u00fccklich von allen Inhalten s\u00e4mtlicher angeklickter Seiten und machen uns deren Inhalte nicht zu Eigen!<\/div>\n<div><strong><span style=\"font-size: 14pt;\">Speicherung von Zugriffsdaten:<\/span><\/strong><\/div>\n<div><\/div>\n<div>Wenn Sie auf unsere Webseite zugreifen, werden automatisch Informationen gesammelt, die nicht einer bestimmten Person zugeordnet sind (z.B. verwendeter Internet-Browser und Betriebssystem; Domain-Name der Website, von der sie kamen; Anzahl der Besuche, durchschnittliche Verweilzeit, aufgerufene Seiten). Wir verwenden diese Informationen, um die Attraktivit\u00e4t unserer Webseite zu ermitteln und deren Inhalt zu verbessern. Bei jeder Anforderung einer Datei aus dieser Internetpr\u00e4senz werden Zugriffsdaten gespeichert. Jeder Datensatz besteht aus: der Seite, von der aus die Datei angefordert wurde dem Namen der Datei dem Datum und Uhrzeit der Anforderung der \u00fcbertragenen Datenmenge dem Zugriffsstatus (Datei \u00fcbertragen, Datei nicht gefunden etc.) einer Beschreibung des Typs des verwendeten Webbrowsers Anfragende Domain Die gespeicherten Daten werden ausschlie\u00dflich zu statistischen Zwecken ausgewertet, eine Weitergabe an Dritte, auch in Ausz\u00fcgen, finden nicht statt.<\/div>\n<div><strong><span style=\"font-size: 14pt;\">Personenbezogene Daten:<\/span><\/strong><\/div>\n<div><\/div>\n<div>Innerhalb dieser Internetpr\u00e4senz besteht die M\u00f6glichkeit, uns personenbezogene Daten zu \u00fcbermitteln. \u201aPersonenbezogene Daten\u2018 sind Informationen, die genutzt werden k\u00f6nnen, um Ihre Identit\u00e4t zu erfahren. Darunter fallen Informationen wie Ihr Name, Adresse, Postanschrift, Telefonnummer, eMail-Adresse. Hinsichtlich Ihrer personenbezogenen Daten weisen wir gem\u00e4\u00df \u00a7 33 BDSG darauf hin, dass diese nach Ma\u00dfgabe der anwendbaren Datenschutzbestimmungen gespeichert und\/oder \u00fcbertragen werden. Im \u00dcbrigen werden personenbezogene Daten absolut vertraulich behandelt und nur mit gesonderter Zustimmung an Dritte weitergeleitet. Der Schutz der Privatsph\u00e4re und daraus resultierend die Sicherheit personenbezogener Daten wie Name, Adresse, Telefonnummer oder auch E-Mail ist uns besonders wichtig. Ihre personenbezogenen Daten werden erst dann ben\u00f6tigt, wenn die Daten f\u00fcr die Erf\u00fcllung unseres Services notwendig sind. Selbstverst\u00e4ndlich werden wir Ihre personenbezogenen Daten weder an Dritte verkaufen noch anderweitig vermarkten. Wir weisen Sie ausdr\u00fccklich darauf hin, dass der Datenschutz in offenen Netzen wie dem Internet nach dem derzeitigen Stand der Technik nicht vollst\u00e4ndig gew\u00e4hrleistet werden kann. Wir wissen das Vertrauen zu sch\u00e4tzen, das Sie uns entgegenbringen, und wenden \u00e4u\u00dferste Sorgfalt an, um Ihre pers\u00f6nlichen Angaben zu sch\u00fctzen. Wenn Sie Fragen haben, k\u00f6nnen Sie sich auch direkt an uns wenden.<\/div>\n<div><strong><span style=\"font-size: 14pt;\">Urheber-, und Kennzeichenrecht:<\/span><\/strong><\/div>\n<div><\/div>\n<div>Die Immobilienb\u00f6rse ist bestrebt, die Urheberrechte der verwendeten Grafiken, Tondokumente, Videosequenzen und Texte zu beachten, selbst erstellte Grafiken, Tondokumente, Videosequenzen und Texte zu nutzen oder auf lizenzfreie Grafiken, Tondokumente, Videosequenzen und Texte zur\u00fcckzugreifen. Alle innerhalb des Internetangebotes genannten und ggf. durch Dritte gesch\u00fctzten Marken- und Warenzeichen unterliegen uneingeschr\u00e4nkt den Bestimmungen des jeweils g\u00fcltigen Kennzeichenrechts und den Besitzrechten der jeweiligen eingetragenen Eigent\u00fcmer. Allein aufgrund der blo\u00dfen Nennung ist nicht der Schluss zu ziehen, dass Markenzeichen nicht durch Rechte Dritter gesch\u00fctzt sind! Das Copyright f\u00fcr ver\u00f6ffentlichte, von der Immobilienb\u00f6rse selbst erstellte Objekte bleibt allein bei der Immobilienb\u00f6rse. Eine Vervielf\u00e4ltigung oder Verwendung solcher Grafiken, Tondokumente, Videosequenzen und Texte in anderen elektronischen oder gedruckten Publikationen ist ohne ausdr\u00fcckliche Zustimmung durch die Immobilienb\u00f6rse nicht gestattet. Daher ist das Herunterladen und Weiterleiten von Texten und Bildern speziell f\u00fcr gewerbliche Zwecke untersagt und wird strafrechtlich verfolgt.<\/div>\n<div><\/div>\n<div>Das Bildmaterial auf der Hompage unterliegt einem Copyright \u00a9<\/div>\n<div><\/div>\n<div>Dies betrifft insbesondere das Bildmaterial und das Logo der Immobilienb\u00f6rse \u00ae, sowie das<\/div>\n<div><\/div>\n<div>Bildmaterial und die Logos unserer Partnerseiten.<\/div>\n<div><\/div>\n<div>Das Logo der Immobilienb\u00f6rse \u00ae ist eine eingetragen Marke.<\/div>\n<div><\/div>\n<div>Das Kartenmaterial von Google-Maps wurde \u00fcber einen API-Schl\u00fcssel erstellt. Das von Google Maps API zur Verf\u00fcgung gestellte Kartenmaterial ist f\u00fcr Websites, die f\u00fcr Besucher der Hompage kostenlos sind.<\/div>\n<div><strong><span style=\"font-size: 14pt;\">Urheberrechte an Bildern von Dritten:<\/span><\/strong><\/div>\n<div><\/div>\n<div><a href=\"https:\/\/toelzer-immobilienboerse.de\/slide\/impressum\">65026628 \u2013 Mann dr\u00fcckt Paragraph-Symbol \u00a9 fotogestoeber \u2013 Fotolia.com<\/a><\/div>\n<div><a href=\"https:\/\/toelzer-immobilienboerse.de\/mietobjektcheck\">55749639 \u2013 OK.The Dude giving thumb up next \u2026 \u00a9 jojj11 \u2013 Fotolia.com<\/a><\/div>\n<div><a href=\"https:\/\/toelzer-immobilienboerse.de\/empfehlen-sie-uns\">57367074 \u2013 Informationsweitergabe \u2013 Mundprop \u2026 \u00a9 blobbotronic \u2013 Fotolia.com<\/a><\/div>\n<div><a href=\"https:\/\/toelzer-immobilienboerse.de\/objekteinwertung\">66913419 \u2013 construction plans \u00a9 Paulista \u2013 Fotolia.com<\/a><\/div>\n<div><a href=\"https:\/\/toelzer-immobilienboerse.de\/nk-abrechnung\">68829808 \u2013 Nebenkostenabrechnung \u00a9 blende11.photo \u2013 Fotolia.com<\/a><\/div>\n<div><a href=\"https:\/\/toelzer-immobilienboerse.de\/vermietung\">54356375 \u2013 Mietvertrag mit Schl\u00fcssel \u2026 \u00a9 eccolo \u2013 Fotolia.com<\/a><\/div>\n<div><a href=\"https:\/\/toelzer-immobilienboerse.de\/verkauf\">25019781 \u2013 H\u00e4uschen auf Notarvertrag \u00a9 rupbilder \u2013 Fotolia.com<\/a><\/div>\n<div><a href=\"https:\/\/toelzer-immobilienboerse.de\/unternehmen\">86081438 \u2013 Compassion banner \u2013 wide_banner \u2026 \u00a9 Nikki Zalewski \u2013 Fotalia.com<\/a><\/div>\n<div><a href=\"https:\/\/toelzer-immobilienboerse.de\/unternehmen\">44555919 \u2013 Hand Pfote Freundschaft \u2013 \u00a9 sonne_fleckl \u2013 Fotalia.com<\/a><\/div>\n<\/div><div class=\"fusion-clearfix\"><\/div><\/div><\/div><\/div><\/div>\n","protected":false},"excerpt":{"rendered":"","protected":false},"author":1,"featured_media":0,"parent":0,"menu_order":0,"comment_status":"closed","ping_status":"closed","template":"","meta":{"footnotes":""},"class_list":["post-716","page","type-page","status-publish","hentry"],"_links":{"self":[{"href":"https:\/\/toelzer-immobilienboerse.de\/index.php?rest_route=\/wp\/v2\/pages\/716","targetHints":{"allow":["GET"]}}],"collection":[{"href":"https:\/\/toelzer-immobilienboerse.de\/index.php?rest_route=\/wp\/v2\/pages"}],"about":[{"href":"https:\/\/toelzer-immobilienboerse.de\/index.php?rest_route=\/wp\/v2\/types\/page"}],"author":[{"embeddable":true,"href":"https:\/\/toelzer-immobilienboerse.de\/index.php?rest_route=\/wp\/v2\/users\/1"}],"replies":[{"embeddable":true,"href":"https:\/\/toelzer-immobilienboerse.de\/index.php?rest_route=%2Fwp%2Fv2%2Fcomments&post=716"}],"version-history":[{"count":7,"href":"https:\/\/toelzer-immobilienboerse.de\/index.php?rest_route=\/wp\/v2\/pages\/716\/revisions"}],"predecessor-version":[{"id":815,"href":"https:\/\/toelzer-immobilienboerse.de\/index.php?rest_route=\/wp\/v2\/pages\/716\/revisions\/815"}],"wp:attachment":[{"href":"https:\/\/toelzer-immobilienboerse.de\/index.php?rest_route=%2Fwp%2Fv2%2Fmedia&parent=716"}],"curies":[{"name":"wp","href":"https:\/\/api.w.org\/{rel}","templated":true}]}}