{"id":9,"date":"2015-02-10T19:21:19","date_gmt":"2015-02-10T19:21:19","guid":{"rendered":"https:\/\/avada.theme-fusion.com_demos\/architecture\/?page_id=9"},"modified":"2020-10-11T07:03:20","modified_gmt":"2020-10-11T07:03:20","slug":"about","status":"publish","type":"page","link":"https:\/\/toelzer-immobilienboerse.de\/?page_id=9","title":{"rendered":"Unternehmen"},"content":{"rendered":"<div class=\"fusion-fullwidth fullwidth-box fusion-builder-row-1 nonhundred-percent-fullwidth non-hundred-percent-height-scrolling\" style=\"--awb-background-position:left top;--awb-border-sizes-top:0px;--awb-border-sizes-bottom:0px;--awb-border-sizes-left:0px;--awb-border-sizes-right:0px;--awb-border-radius-top-left:0px;--awb-border-radius-top-right:0px;--awb-border-radius-bottom-right:0px;--awb-border-radius-bottom-left:0px;--awb-padding-top:20px;--awb-padding-bottom:20px;--awb-flex-wrap:wrap;\" ><div class=\"fusion-builder-row fusion-row\"><div class=\"fusion-layout-column fusion_builder_column fusion-builder-column-0 fusion_builder_column_1_2 1_2 fusion-one-half fusion-column-first\" style=\"--awb-bg-size:cover;width:48%; margin-right: 4%;\"><div class=\"fusion-column-wrapper fusion-flex-column-wrapper-legacy\"><div class=\"fusion-sep-clear\"><\/div><div class=\"fusion-separator fusion-clearfix\" style=\"float:left;margin-top:0px;margin-bottom:35px;width:100%;max-width:170px;\"><\/div><div class=\"fusion-sep-clear\"><\/div><div class=\"fusion-text fusion-text-1\"><p><span style=\"font-size: 24pt;\">DAS UNTERNEHMEN<\/span><\/p>\n<\/div><div class=\"fusion-sep-clear\"><\/div><div class=\"fusion-separator fusion-clearfix\" style=\"float:left;margin-top:0px;margin-bottom:35px;width:100%;max-width:170px;\"><div class=\"fusion-separator-border sep-single sep-solid\" style=\"--awb-height:20px;--awb-amount:20px;--awb-sep-color:#e2e3e8;border-color:#e2e3e8;border-top-width:3px;\"><\/div><\/div><div class=\"fusion-sep-clear\"><\/div><div class=\"fusion-text fusion-text-2\"><p><em><span style=\"font-size: 14pt;\">Die Immobilienb\u00f6rse ist ein erfahrenes, dynamisches Unternehmen seit 1998.<\/span><\/em><\/p>\n<\/div><div class=\"fusion-text fusion-text-3\"><p>Mit innovativen Dienstleistungen wollen wir das Beste f\u00fcr unsere Kunden: schnell, kompetent und seri\u00f6s.<\/p>\n<p>Unsere Palette bietet den Verkauf und \/ oder die Vermietung von H\u00e4usern, Wohnungen, Grundst\u00fccken, wie auch gewerblich oder gemischt genutzten Anwesen. Wir verf\u00fcgen \u00fcber gute Kontakte und k\u00f6nnen durch unsere Vermittlungen auf dementsprechende Referenzen vieler zufriedener Kunden zur\u00fcckgreifen. Falls Sie an den Verkauf oder die Vermietung Ihrer Immobilie denken, zeigen wir Ihnen gerne auf, wie Sie Ihr Objekt am Markt bestm\u00f6glich und erfolgreich platzieren.<\/p>\n<p>Fragen Sie uns \u2013 dies ist unser Metier.<\/p>\n<\/div><div class=\"fusion-clearfix\"><\/div><\/div><\/div><div class=\"fusion-layout-column fusion_builder_column fusion-builder-column-1 fusion_builder_column_1_2 1_2 fusion-one-half fusion-column-last\" style=\"--awb-bg-size:cover;width:48%;\"><div class=\"fusion-column-wrapper fusion-flex-column-wrapper-legacy\"><div class=\"fusion-sep-clear\"><\/div><div class=\"fusion-separator fusion-full-width-sep\" style=\"margin-left: auto;margin-right: auto;margin-top:40px;width:100%;\"><\/div><div class=\"fusion-sep-clear\"><\/div><div class=\"fusion-sep-clear\"><\/div><div class=\"fusion-separator fusion-full-width-sep\" style=\"margin-left: auto;margin-right: auto;margin-top:40px;width:100%;\"><\/div><div class=\"fusion-sep-clear\"><\/div><div class=\"fusion-image-element in-legacy-container\" style=\"--awb-caption-title-font-family:var(--h2_typography-font-family);--awb-caption-title-font-weight:var(--h2_typography-font-weight);--awb-caption-title-font-style:var(--h2_typography-font-style);--awb-caption-title-size:var(--h2_typography-font-size);--awb-caption-title-transform:var(--h2_typography-text-transform);--awb-caption-title-line-height:var(--h2_typography-line-height);--awb-caption-title-letter-spacing:var(--h2_typography-letter-spacing);\"><span class=\" fusion-imageframe imageframe-none imageframe-1 hover-type-zoomin fusion-animated\" data-animationType=\"fadeInDown\" data-animationDuration=\"1.0\" data-animationOffset=\"top-into-view\"><img decoding=\"async\" width=\"640\" height=\"640\" title=\"Bussiness Bild 2\" src=\"https:\/\/toelzer-immobilienboerse.de\/wp-content\/uploads\/2020\/10\/Bussiness-Bild-2.jpg\" alt class=\"img-responsive wp-image-809\" srcset=\"https:\/\/toelzer-immobilienboerse.de\/wp-content\/uploads\/2020\/10\/Bussiness-Bild-2-200x200.jpg 200w, https:\/\/toelzer-immobilienboerse.de\/wp-content\/uploads\/2020\/10\/Bussiness-Bild-2-400x400.jpg 400w, https:\/\/toelzer-immobilienboerse.de\/wp-content\/uploads\/2020\/10\/Bussiness-Bild-2-600x600.jpg 600w, https:\/\/toelzer-immobilienboerse.de\/wp-content\/uploads\/2020\/10\/Bussiness-Bild-2.jpg 640w\" sizes=\"(max-width: 800px) 100vw, 600px\" \/><\/span><\/div><div class=\"fusion-sep-clear\"><\/div><div class=\"fusion-separator fusion-full-width-sep\" style=\"margin-left: auto;margin-right: auto;margin-top:40px;width:100%;\"><\/div><div class=\"fusion-sep-clear\"><\/div><div class=\"fusion-text fusion-text-4\"><p>Oberstes Ziel unserer Arbeit ist es, viele zufriedene Kunden zu haben. Nur ein zufriedener Kunde wird uns lange die Treue halten und uns weiterempfehlen. Um dieses Ziel zu erreichen, sollen unsere Kunden uns selbst und unsere Dienstleistung positiv erleben. Der Kunde soll sp\u00fcren, dass er sich ganz bewusst f\u00fcr den richtigen Partner entschieden hat. Wir sind auf sein Vertrauen angewiesen und sind verpflichtet, ihm einen m\u00f6glichst hohen Nutzen zu bieten, um dieses Vertrauen auf Dauer zu rechtfertigen.<\/p>\n<p>Durch den positiven Eindruck, den wir beim Kunden erzeugen, wollen wir uns von unseren Wettbewerbern abheben.<\/p>\n<\/div><div class=\"fusion-clearfix\"><\/div><\/div><\/div><\/div><\/div>\n","protected":false},"excerpt":{"rendered":"","protected":false},"author":1,"featured_media":0,"parent":0,"menu_order":0,"comment_status":"closed","ping_status":"open","template":"100-width.php","meta":{"footnotes":""},"class_list":["post-9","page","type-page","status-publish","hentry"],"_links":{"self":[{"href":"https:\/\/toelzer-immobilienboerse.de\/index.php?rest_route=\/wp\/v2\/pages\/9","targetHints":{"allow":["GET"]}}],"collection":[{"href":"https:\/\/toelzer-immobilienboerse.de\/index.php?rest_route=\/wp\/v2\/pages"}],"about":[{"href":"https:\/\/toelzer-immobilienboerse.de\/index.php?rest_route=\/wp\/v2\/types\/page"}],"author":[{"embeddable":true,"href":"https:\/\/toelzer-immobilienboerse.de\/index.php?rest_route=\/wp\/v2\/users\/1"}],"replies":[{"embeddable":true,"href":"https:\/\/toelzer-immobilienboerse.de\/index.php?rest_route=%2Fwp%2Fv2%2Fcomments&post=9"}],"version-history":[{"count":6,"href":"https:\/\/toelzer-immobilienboerse.de\/index.php?rest_route=\/wp\/v2\/pages\/9\/revisions"}],"predecessor-version":[{"id":810,"href":"https:\/\/toelzer-immobilienboerse.de\/index.php?rest_route=\/wp\/v2\/pages\/9\/revisions\/810"}],"wp:attachment":[{"href":"https:\/\/toelzer-immobilienboerse.de\/index.php?rest_route=%2Fwp%2Fv2%2Fmedia&parent=9"}],"curies":[{"name":"wp","href":"https:\/\/api.w.org\/{rel}","templated":true}]}}